 c, 4*w - 4*r - 22 = 10. What is the units digit of w?
6
Let s be (-2 - -2)*1*-1. Suppose -q + 0*q + 32 = s. What is the tens digit of q?
3
Suppose -11*p = -8*p - 201. What is the tens digit of p?
6
Suppose -38 + 8 = 3*b. What is the units digit of ((-6)/b)/(2/30)?
9
Suppose -15 = -3*m - 2*m. Suppose -5*s - 2*v = -5*v - 140, -m*s + 85 = -2*v. What is the units digit of s?
5
Suppose -4*d = -0*d - 100. Suppose 0 = -5*o + 4*o - 5. What is the units digit of o/d + 102/10?
0
Suppose b + 2 = -0*b. What is the units digit of 4 - (-3)/(5 + b)?
5
Suppose 0 = -2*s + s + 1. Suppose -6*f - 11 = -29. Let k = f - s. What is the units digit of k?
2
Let g be (-4 + 7)*14/(-6). Let b(c) = -c**2 - 8*c - 4. Let q be b(g). Let w(f) = f + 4. What is the units digit of w(q)?
7
Let s(y) = -2*y**3. Let r be s(-1). Suppose -r*k + 36 = k. What is the tens digit of k?
1
Suppose 2*o - 5*u - 1 = 0, u + 13 = 4*o + 2*u. Suppose -5*w = -o*w - 2. What is the units digit of w?
1
Suppose 8 = 5*t - 12. Suppose 4*y + 5*l = y + 48, -2*l - 90 = -t*y. Suppose 4*d + 5 = y. What is the units digit of d?
4
Suppose 0 = -p - p + 3*k + 10, 0 = -2*k + 4. Suppose -4*j = -3*j - p. What is the units digit of j?
8
Let m = 245 - 113. What is the units digit of m?
2
Let y = -485 + 874. What is the tens digit of y?
8
Let w(y) = 3*y**2 - 44*y - 40. What is the hundreds digit of w(19)?
2
Let l = 11 + -6. Suppose 4*f + 13 = -l*v, 0*f - 5*v = -2*f + 1. What is the units digit of (-9)/(f/(8/6))?
6
Suppose 5*l - 30 - 75 = 0. Suppose 0 = -2*g - g + l. What is the units digit of g?
7
Let w(r) = -18*r - 1. Suppose -2*j + 4*j - 2*p - 4 = 0, -4 = 2*p. Let s = j + -1. What is the tens digit of w(s)?
1
Let z = -9 - 0. Let r(n) = -n**2 - 9*n + 1. Let m be r(z). Suppose 3 = 2*q - m. What is the units digit of q?
2
Suppose 0 = -5*r + 5*p + 10, -2*r + p = -4 - 2. Suppose 3*y - r*q = -3*q + 42, 2*q = -4*y + 56. What is the units digit of y?
4
Let w(j) = -2*j + 5. Suppose -4 = -2*d + d. Let x be w(d). What is the units digit of (0 + 4)/((-2)/x)?
6
Let d(b) be the second derivative of -6*b**2 - 1/3*b**3 + 0 + b. What is the units digit of d(-8)?
4
Suppose 158 = 3*m + h, -2*h - 25 - 37 = -m. What is the units digit of m?
4
Suppose h - 5*d - 1 = 0, 2*h - 4*d + d = 2. Suppose 4*v + h = 17. Suppose v*a - 24 = 20. What is the units digit of a?
1
Let j = 110 - 35. What is the units digit of j?
5
Let b = -133 - -187. Let l = -28 + b. What is the tens digit of l?
2
Let q(z) = z**3 + 11*z**2 + 9*z - 1. Let w be q(-10). Let x(m) = -m + 18. What is the units digit of x(w)?
9
Suppose -53 - 12 = -q. What is the units digit of 236/5 + (-13)/q?
7
Let h(c) = -3*c - 6. Suppose 0*p = 2*p - 3*l + 5, -5*l = 3*p + 17. What is the units digit of h(p)?
6
What is the hundreds digit of (-6)/(-8) - 5/(120/(-5862))?
2
Suppose 2*q = -0*q - 4*t + 6, 5*q = -5*t. What is the tens digit of 1 + -1 + (-60)/q?
2
Let h = 4 - -4. Suppose -2*y + 6*y - h = 0. Suppose 3*q + y = 41. What is the units digit of q?
3
Let i = 281 + -159. What is the units digit of i?
2
Let x(b) be the third derivative of -b**4/24 + b**3/6 - b**2. Let j be x(9). Let m = j + 13. What is the units digit of m?
5
What is the tens digit of -6*((-258)/(-4))/(-3)?
2
What is the units digit of 3 + -2 + 514/(-2 + 4)?
8
What is the tens digit of 1902/42 - 4/14?
4
Suppose 0 = -2*f - 1 - 1. Let r be 2 + f + -25 + 0. Let l = r + 42. What is the units digit of l?
8
Suppose -2 = -2*z, 90 = a + 2*z - 0*z. Let d be a/(-14) - 2/(-7). What is the units digit of 10/4 + (-3)/d?
3
What is the tens digit of 16 + 7/(21/9)?
1
Let u(m) = 8*m + 3 - 3 + m**2 + 1 - 3*m. Let n be u(-6). Let t = n + -3. What is the units digit of t?
4
Let t = -11 - -9. What is the units digit of 6 + 0 + 4 + t?
8
Let s be (-386)/(-26) + (-20)/(-130). Let o = s - -3. What is the tens digit of o?
1
Suppose -3*g - 2*g = -110. What is the units digit of ((-11)/g)/((-2)/60)?
5
Suppose 2*c = 6*c - 4. What is the units digit of c?
1
Suppose 0 = -8*w - 4*w + 1704. What is the units digit of w?
2
Let i(n) = 2*n**2 - 6*n - 26. What is the tens digit of i(8)?
5
Let z(m) be the second derivative of 7/6*m**3 - 1/2*m**2 + 5/12*m**4 - 1/20*m**5 - 2*m + 0. What is the units digit of z(6)?
5
Suppose 0 = 2*y - 5*d + 20, 4*y - 4*d + 13 + 3 = 0. Suppose -k + 15 + 19 = y. What is the tens digit of k?
3
Suppose -3*j - 2 = -20. What is the tens digit of (64/j)/(10/30)?
3
Let r be (1*-3)/((-5)/(-25)). Let f be (-8)/(-28) + (-88)/14. What is the tens digit of -1*(r + f/(-2))?
1
Let c(n) = -n**3 - 6*n**2 - 8*n - 13. What is the units digit of c(-7)?
2
Let m(o) = o**2 - 2. Let l be 5*(1 + (-9)/15). What is the units digit of m(l)?
2
Suppose 4*o - 222 = 222. What is the units digit of 2/3 - o/(-9)?
3
Suppose -5*y - 110 = -4*k + 7, -y + 3*k - 19 = 0. Let t = 14 - y. What is the units digit of t?
9
Suppose 0 = -5*b + 5*s + 2080, -4*b + 5*s = -946 - 713. What is the tens digit of b?
2
Let g(u) = -9*u - 1. Let s be g(-1). Suppose -3*a + s - 2 = 0. What is the units digit of a?
2
Let o(k) = k**3 - 22*k**2 + 22*k + 16. What is the units digit of o(21)?
7
Let w = 67 + -34. What is the units digit of w?
3
Suppose 575 + 88 = 3*t. What is the tens digit of t?
2
Suppose 0 = -0*j + 4*j - 8. Suppose -o = j*c - 20, -2*c + c - o + 12 = 0. What is the units digit of c?
8
What is the units digit of ((-3)/(-1) - 0) + 21?
4
Let p = 3 + 28. What is the units digit of p?
1
Suppose 3*l - x - 24 = 115, 0 = 2*l - 3*x - 95. Suppose -t - g - 2 = -8, 3*t - 4*g = l. What is the units digit of t?
0
Let u(y) = -4*y. Let f(x) = x**3 + 6*x**2 - 8*x - 8. Let j be f(-7). What is the units digit of u(j)?
4
Let q(m) = 7*m**2 + 5*m**3 - m**3 - 3*m**3 - 4 + 0*m + 5*m. What is the units digit of q(-6)?
2
Let z = 5 - 9. Let f = 6 + z. Suppose f = 5*d - 4*d. What is the units digit of d?
2
Let v = 14 + -8. Let a = 1 + v. Let r = 0 + a. What is the units digit of r?
7
What is the hundreds digit of 2/(-10)*2 + 5058/45?
1
Let g(f) = -430*f. Let j be g(1). What is the units digit of j/(-35) + (-4)/14?
2
Let p = 13 + 26. Let g = p + -26. What is the units digit of (-4)/26 - (-93)/g?
7
Suppose -2*q + 2 = -2. Suppose 3*i - q*i - 31 = 0. Suppose i = 5*a + 1. What is the units digit of a?
6
Let d(t) be the third derivative of t**4/6 - 4*t**3/3 + 3*t**2. What is the units digit of d(6)?
6
Let i(q) = -4*q**3 - 8*q**2 - 2*q + 7. Let z(a) = -5*a**3 - 9*a**2 - 2*a + 8. Let o(t) = -4*i(t) + 3*z(t). What is the units digit of o(-3)?
8
Suppose 5 = -5*o - 10, -5*o = 3*a - 1320. What is the units digit of a?
5
Suppose 0 = 3*r - 3*x + 6*x - 57, 0 = 4*r - x - 96. What is the tens digit of r?
2
Suppose -r - 60 = -4*r. Suppose -2*c + r = -26. What is the tens digit of c?
2
Let v(p) = 2*p**3 + 17*p**2 + 2*p - 1. Let u(t) = -t**3 - 8*t**2 - t + 1. Let j(w) = 7*u(w) + 3*v(w). What is the units digit of j(-5)?
9
Suppose -4*y = 12, -2*y = -3*x + 2*y + 30. Let n = x + 23. What is the tens digit of n?
2
Suppose -3*q = -v + 60, 3*v + 0*v + 5*q = 110. What is the units digit of v?
5
Let b(p) = 7*p**2 + p. Let g(c) = -c**2 + 7*c + 6. Let y be g(8). What is the tens digit of b(y)?
2
Let z = 35 - 3. Let a(t) = 2*t**3 - 3*t**2. Let c be a(2). Suppose -c*m + 0*m = -z. What is the units digit of m?
8
Let g = 15 - -293. What is the units digit of g?
8
Let w(u) = 0*u + 2 - 4*u + 2*u + u. What is the units digit of w(-2)?
4
Let s = 8 + -4. Suppose -s*y + 24 = -0*y. Suppose 0 = y*p - 2*p - 8. What is the units digit of p?
2
Let j(v) = v - 9. Let r be j(11). Suppose r*a - 4*a = -38. What is the units digit of a?
9
Let m(a) = -a**2 - 7*a + 1. Let z be m(-5). What is the units digit of ((-6)/3)/((-2)/z)?
1
What is the units digit of (14/(-4))/7*-38?
9
Let r = -65 + 102. What is the units digit of r?
7
Let h be ((-16)/12)/(4/(-42)). Let z = -8 + h. Let g(b) = -b**2 + 8*b - 5. What is the units digit of g(z)?
7
Let s(b) = -b**3 - 2*b**2 + 2*b + 4. What is the tens digit of s(-4)?
2
Let s(p) = p**3 - 10*p**2 + 7*p - 2. What is the units digit of s(10)?
8
Suppose -9*o + 205 = -785. What is the units digit of o?
0
Suppose -d + n = 21, -3*n = -d - 0*d - 17. Let j be (1*(d + -2))/(-1). Suppose j = 5*t - 4*h - 21, -3*h = t + 6. What is the units digit of t?
6
Let l(p) = -p**3 - 26*p**2 - 30*p - 19. What is the units digit of l(-25)?
6
Let o 